{"id":146,"date":"2023-05-14T21:24:20","date_gmt":"2023-05-14T21:24:20","guid":{"rendered":"https:\/\/weconnectcolombia.com\/?page_id=146"},"modified":"2023-11-07T19:45:13","modified_gmt":"2023-11-07T19:45:13","slug":"tour-managment","status":"publish","type":"page","link":"https:\/\/weconnectcolombia.com\/index.php\/tour-managment\/","title":{"rendered":"Tour Managment"},"content":{"rendered":"\t\t<div data-elementor-type=\"wp-page\" data-elementor-id=\"146\" class=\"elementor elementor-146\" data-elementor-post-type=\"page\">\n\t\t\t\t<div class=\"elementor-element elementor-element-ccd589c e-flex e-con-boxed e-con e-parent\" data-id=\"ccd589c\" data-element_type=\"container\" data-core-v316-plus=\"true\">\n\t\t\t\t\t<div class=\"e-con-inner\">\n\t\t\t\t<div class=\"elementor-element elementor-element-8233d60 elementor-widget elementor-widget-image\" data-id=\"8233d60\" data-element_type=\"widget\" data-widget_type=\"image.default\">\n\t\t\t\t<div class=\"elementor-widget-container\">\n\t\t\t<style>\/*! elementor - v3.20.0 - 20-03-2024 *\/\n.elementor-widget-image{text-align:center}.elementor-widget-image a{display:inline-block}.elementor-widget-image a img[src$=\".svg\"]{width:48px}.elementor-widget-image img{vertical-align:middle;display:inline-block}<\/style>\t\t\t\t\t\t\t\t\t\t<img fetchpriority=\"high\" decoding=\"async\" width=\"1024\" height=\"414\" src=\"https:\/\/weconnectcolombia.com\/wp-content\/uploads\/2023\/05\/tourmanagmet-1024x414.png\" class=\"attachment-large size-large wp-image-134\" alt=\"\" srcset=\"https:\/\/weconnectcolombia.com\/wp-content\/uploads\/2023\/05\/tourmanagmet-1024x414.png 1024w, https:\/\/weconnectcolombia.com\/wp-content\/uploads\/2023\/05\/tourmanagmet-300x121.png 300w, https:\/\/weconnectcolombia.com\/wp-content\/uploads\/2023\/05\/tourmanagmet.png 1730w\" sizes=\"(max-width: 1024px) 100vw, 1024px\" \/>\t\t\t\t\t\t\t\t\t\t\t\t\t<\/div>\n\t\t\t\t<\/div>\n\t\t\t\t\t<\/div>\n\t\t\t\t<\/div>\n\t\t<div class=\"elementor-element elementor-element-9a25e7e e-flex e-con-boxed e-con e-parent\" data-id=\"9a25e7e\" data-element_type=\"container\" data-core-v316-plus=\"true\">\n\t\t\t\t\t<div class=\"e-con-inner\">\n\t\t\t\t<div class=\"elementor-element elementor-element-8ffd15f elementor-widget elementor-widget-text-editor\" data-id=\"8ffd15f\" data-element_type=\"widget\" data-widget_type=\"text-editor.default\">\n\t\t\t\t<div class=\"elementor-widget-container\">\n\t\t\t<style>\/*! elementor - v3.20.0 - 20-03-2024 *\/\n.elementor-widget-text-editor.elementor-drop-cap-view-stacked .elementor-drop-cap{background-color:#69727d;color:#fff}.elementor-widget-text-editor.elementor-drop-cap-view-framed .elementor-drop-cap{color:#69727d;border:3px solid;background-color:transparent}.elementor-widget-text-editor:not(.elementor-drop-cap-view-default) .elementor-drop-cap{margin-top:8px}.elementor-widget-text-editor:not(.elementor-drop-cap-view-default) .elementor-drop-cap-letter{width:1em;height:1em}.elementor-widget-text-editor .elementor-drop-cap{float:left;text-align:center;line-height:1;font-size:50px}.elementor-widget-text-editor .elementor-drop-cap-letter{display:inline-block}<\/style>\t\t\t\t<p>Enfocarnos en presentaciones exitosas gracias a una adecuada negociaci\u00f3n, contrataci\u00f3n, administraci\u00f3n y log\u00edstica de los diferentes eventos; es nuestro objetivo en la prestaci\u00f3n de este servicio. Nos encargamos de coordinar el env\u00edo de manera segura y eficiente de un elaborado escenario y miles de piezas de mercanc\u00eda. Valoramos a los diferentes artistas y bandas, comprometi\u00e9ndonos de manera integral con el proceso. Somos ese interlocutor para quien cada cliente importa, convirti\u00e9ndonos en parte clave del engranaje.<\/p>\t\t\t\t\t\t<\/div>\n\t\t\t\t<\/div>\n\t\t\t\t\t<\/div>\n\t\t\t\t<\/div>\n\t\t<div class=\"elementor-element elementor-element-978c109 e-flex e-con-boxed e-con e-parent\" data-id=\"978c109\" data-element_type=\"container\" data-core-v316-plus=\"true\">\n\t\t\t\t\t<div class=\"e-con-inner\">\n\t\t\t\t<div class=\"elementor-element elementor-element-da8bfe3 gallery-spacing-custom elementor-widget elementor-widget-image-gallery\" data-id=\"da8bfe3\" data-element_type=\"widget\" data-widget_type=\"image-gallery.default\">\n\t\t\t\t<div class=\"elementor-widget-container\">\n\t\t\t<style>\/*! elementor - v3.20.0 - 20-03-2024 *\/\n.elementor-image-gallery .gallery-item{display:inline-block;text-align:center;vertical-align:top;width:100%;max-width:100%;margin:0 auto}.elementor-image-gallery .gallery-item img{margin:0 auto}.elementor-image-gallery .gallery-item .gallery-caption{margin:0}.elementor-image-gallery figure img{display:block}.elementor-image-gallery figure figcaption{width:100%}.gallery-spacing-custom .elementor-image-gallery .gallery-icon{padding:0}@media (min-width:768px){.elementor-image-gallery .gallery-columns-2 .gallery-item{max-width:50%}.elementor-image-gallery .gallery-columns-3 .gallery-item{max-width:33.33%}.elementor-image-gallery .gallery-columns-4 .gallery-item{max-width:25%}.elementor-image-gallery .gallery-columns-5 .gallery-item{max-width:20%}.elementor-image-gallery .gallery-columns-6 .gallery-item{max-width:16.666%}.elementor-image-gallery .gallery-columns-7 .gallery-item{max-width:14.28%}.elementor-image-gallery .gallery-columns-8 .gallery-item{max-width:12.5%}.elementor-image-gallery .gallery-columns-9 .gallery-item{max-width:11.11%}.elementor-image-gallery .gallery-columns-10 .gallery-item{max-width:10%}}@media (min-width:480px) and (max-width:767px){.elementor-image-gallery .gallery.gallery-columns-2 .gallery-item,.elementor-image-gallery .gallery.gallery-columns-3 .gallery-item,.elementor-image-gallery .gallery.gallery-columns-4 .gallery-item,.elementor-image-gallery .gallery.gallery-columns-5 .gallery-item,.elementor-image-gallery .gallery.gallery-columns-6 .gallery-item,.elementor-image-gallery .gallery.gallery-columns-7 .gallery-item,.elementor-image-gallery .gallery.gallery-columns-8 .gallery-item,.elementor-image-gallery .gallery.gallery-columns-9 .gallery-item,.elementor-image-gallery .gallery.gallery-columns-10 .gallery-item{max-width:50%}}@media (max-width:479px){.elementor-image-gallery .gallery.gallery-columns-2 .gallery-item,.elementor-image-gallery .gallery.gallery-columns-3 .gallery-item,.elementor-image-gallery .gallery.gallery-columns-4 .gallery-item,.elementor-image-gallery .gallery.gallery-columns-5 .gallery-item,.elementor-image-gallery .gallery.gallery-columns-6 .gallery-item,.elementor-image-gallery .gallery.gallery-columns-7 .gallery-item,.elementor-image-gallery .gallery.gallery-columns-8 .gallery-item,.elementor-image-gallery .gallery.gallery-columns-9 .gallery-item,.elementor-image-gallery .gallery.gallery-columns-10 .gallery-item{max-width:100%}}<\/style>\t\t<div class=\"elementor-image-gallery\">\n\t\t\t\n\t\t<style type=\"text\/css\">\n\t\t\t#gallery-1 {\n\t\t\t\tmargin: auto;\n\t\t\t}\n\t\t\t#gallery-1 .gallery-item {\n\t\t\t\tfloat: left;\n\t\t\t\tmargin-top: 10px;\n\t\t\t\ttext-align: center;\n\t\t\t\twidth: 33%;\n\t\t\t}\n\t\t\t#gallery-1 img {\n\t\t\t\tborder: 2px solid #cfcfcf;\n\t\t\t}\n\t\t\t#gallery-1 .gallery-caption {\n\t\t\t\tmargin-left: 0;\n\t\t\t}\n\t\t\t\/* see gallery_shortcode() in wp-includes\/media.php *\/\n\t\t<\/style>\n\t\t<div id='gallery-1' class='gallery galleryid-146 gallery-columns-3 gallery-size-large'><dl class='gallery-item'>\n\t\t\t<dt class='gallery-icon landscape'>\n\t\t\t\t<a data-elementor-open-lightbox=\"yes\" data-elementor-lightbox-slideshow=\"da8bfe3\" data-elementor-lightbox-title=\"tour managment (1)\" data-e-action-hash=\"#elementor-action%3Aaction%3Dlightbox%26settings%3DeyJpZCI6OTQ1LCJ1cmwiOiJodHRwczpcL1wvd2Vjb25uZWN0Y29sb21iaWEuY29tXC93cC1jb250ZW50XC91cGxvYWRzXC8yMDIzXC8xMFwvdG91ci1tYW5hZ21lbnQtMS0xLmpwZyIsInNsaWRlc2hvdyI6ImRhOGJmZTMifQ%3D%3D\" href='https:\/\/weconnectcolombia.com\/wp-content\/uploads\/2023\/10\/tour-managment-1-1.jpg'><img decoding=\"async\" width=\"1024\" height=\"1024\" src=\"https:\/\/weconnectcolombia.com\/wp-content\/uploads\/2023\/10\/tour-managment-1-1-1024x1024.jpg\" class=\"attachment-large size-large\" alt=\"\" srcset=\"https:\/\/weconnectcolombia.com\/wp-content\/uploads\/2023\/10\/tour-managment-1-1-1024x1024.jpg 1024w, https:\/\/weconnectcolombia.com\/wp-content\/uploads\/2023\/10\/tour-managment-1-1-300x300.jpg 300w, https:\/\/weconnectcolombia.com\/wp-content\/uploads\/2023\/10\/tour-managment-1-1-150x150.jpg 150w, https:\/\/weconnectcolombia.com\/wp-content\/uploads\/2023\/10\/tour-managment-1-1.jpg 1080w\" sizes=\"(max-width: 1024px) 100vw, 1024px\" \/><\/a>\n\t\t\t<\/dt><\/dl><dl class='gallery-item'>\n\t\t\t<dt class='gallery-icon landscape'>\n\t\t\t\t<a data-elementor-open-lightbox=\"yes\" data-elementor-lightbox-slideshow=\"da8bfe3\" data-elementor-lightbox-title=\"tour managment (3)\" data-e-action-hash=\"#elementor-action%3Aaction%3Dlightbox%26settings%3DeyJpZCI6OTQzLCJ1cmwiOiJodHRwczpcL1wvd2Vjb25uZWN0Y29sb21iaWEuY29tXC93cC1jb250ZW50XC91cGxvYWRzXC8yMDIzXC8xMFwvdG91ci1tYW5hZ21lbnQtMy0xLmpwZyIsInNsaWRlc2hvdyI6ImRhOGJmZTMifQ%3D%3D\" href='https:\/\/weconnectcolombia.com\/wp-content\/uploads\/2023\/10\/tour-managment-3-1.jpg'><img decoding=\"async\" width=\"1024\" height=\"1024\" src=\"https:\/\/weconnectcolombia.com\/wp-content\/uploads\/2023\/10\/tour-managment-3-1-1024x1024.jpg\" class=\"attachment-large size-large\" alt=\"\" srcset=\"https:\/\/weconnectcolombia.com\/wp-content\/uploads\/2023\/10\/tour-managment-3-1-1024x1024.jpg 1024w, https:\/\/weconnectcolombia.com\/wp-content\/uploads\/2023\/10\/tour-managment-3-1-300x300.jpg 300w, https:\/\/weconnectcolombia.com\/wp-content\/uploads\/2023\/10\/tour-managment-3-1-150x150.jpg 150w, https:\/\/weconnectcolombia.com\/wp-content\/uploads\/2023\/10\/tour-managment-3-1.jpg 1080w\" sizes=\"(max-width: 1024px) 100vw, 1024px\" \/><\/a>\n\t\t\t<\/dt><\/dl><dl class='gallery-item'>\n\t\t\t<dt class='gallery-icon landscape'>\n\t\t\t\t<a data-elementor-open-lightbox=\"yes\" data-elementor-lightbox-slideshow=\"da8bfe3\" data-elementor-lightbox-title=\"tour managment (4)\" data-e-action-hash=\"#elementor-action%3Aaction%3Dlightbox%26settings%3DeyJpZCI6OTQyLCJ1cmwiOiJodHRwczpcL1wvd2Vjb25uZWN0Y29sb21iaWEuY29tXC93cC1jb250ZW50XC91cGxvYWRzXC8yMDIzXC8xMFwvdG91ci1tYW5hZ21lbnQtNC5qcGciLCJzbGlkZXNob3ciOiJkYThiZmUzIn0%3D\" href='https:\/\/weconnectcolombia.com\/wp-content\/uploads\/2023\/10\/tour-managment-4.jpg'><img loading=\"lazy\" decoding=\"async\" width=\"1024\" height=\"1024\" src=\"https:\/\/weconnectcolombia.com\/wp-content\/uploads\/2023\/10\/tour-managment-4-1024x1024.jpg\" class=\"attachment-large size-large\" alt=\"\" srcset=\"https:\/\/weconnectcolombia.com\/wp-content\/uploads\/2023\/10\/tour-managment-4-1024x1024.jpg 1024w, https:\/\/weconnectcolombia.com\/wp-content\/uploads\/2023\/10\/tour-managment-4-300x300.jpg 300w, https:\/\/weconnectcolombia.com\/wp-content\/uploads\/2023\/10\/tour-managment-4-150x150.jpg 150w, https:\/\/weconnectcolombia.com\/wp-content\/uploads\/2023\/10\/tour-managment-4.jpg 1080w\" sizes=\"(max-width: 1024px) 100vw, 1024px\" \/><\/a>\n\t\t\t<\/dt><\/dl><br style=\"clear: both\" \/><dl class='gallery-item'>\n\t\t\t<dt class='gallery-icon landscape'>\n\t\t\t\t<a data-elementor-open-lightbox=\"yes\" data-elementor-lightbox-slideshow=\"da8bfe3\" data-elementor-lightbox-title=\"tour managment (2)\" data-e-action-hash=\"#elementor-action%3Aaction%3Dlightbox%26settings%3DeyJpZCI6OTQ0LCJ1cmwiOiJodHRwczpcL1wvd2Vjb25uZWN0Y29sb21iaWEuY29tXC93cC1jb250ZW50XC91cGxvYWRzXC8yMDIzXC8xMFwvdG91ci1tYW5hZ21lbnQtMi0xLmpwZyIsInNsaWRlc2hvdyI6ImRhOGJmZTMifQ%3D%3D\" href='https:\/\/weconnectcolombia.com\/wp-content\/uploads\/2023\/10\/tour-managment-2-1.jpg'><img loading=\"lazy\" decoding=\"async\" width=\"1024\" height=\"1024\" src=\"https:\/\/weconnectcolombia.com\/wp-content\/uploads\/2023\/10\/tour-managment-2-1-1024x1024.jpg\" class=\"attachment-large size-large\" alt=\"\" srcset=\"https:\/\/weconnectcolombia.com\/wp-content\/uploads\/2023\/10\/tour-managment-2-1-1024x1024.jpg 1024w, https:\/\/weconnectcolombia.com\/wp-content\/uploads\/2023\/10\/tour-managment-2-1-300x300.jpg 300w, https:\/\/weconnectcolombia.com\/wp-content\/uploads\/2023\/10\/tour-managment-2-1-150x150.jpg 150w, https:\/\/weconnectcolombia.com\/wp-content\/uploads\/2023\/10\/tour-managment-2-1.jpg 1080w\" sizes=\"(max-width: 1024px) 100vw, 1024px\" \/><\/a>\n\t\t\t<\/dt><\/dl><dl class='gallery-item'>\n\t\t\t<dt class='gallery-icon landscape'>\n\t\t\t\t<a data-elementor-open-lightbox=\"yes\" data-elementor-lightbox-slideshow=\"da8bfe3\" data-elementor-lightbox-title=\"tour managment (5)\" data-e-action-hash=\"#elementor-action%3Aaction%3Dlightbox%26settings%3DeyJpZCI6OTQxLCJ1cmwiOiJodHRwczpcL1wvd2Vjb25uZWN0Y29sb21iaWEuY29tXC93cC1jb250ZW50XC91cGxvYWRzXC8yMDIzXC8xMFwvdG91ci1tYW5hZ21lbnQtNS5qcGciLCJzbGlkZXNob3ciOiJkYThiZmUzIn0%3D\" href='https:\/\/weconnectcolombia.com\/wp-content\/uploads\/2023\/10\/tour-managment-5.jpg'><img loading=\"lazy\" decoding=\"async\" width=\"1024\" height=\"1024\" src=\"https:\/\/weconnectcolombia.com\/wp-content\/uploads\/2023\/10\/tour-managment-5-1024x1024.jpg\" class=\"attachment-large size-large\" alt=\"\" srcset=\"https:\/\/weconnectcolombia.com\/wp-content\/uploads\/2023\/10\/tour-managment-5-1024x1024.jpg 1024w, https:\/\/weconnectcolombia.com\/wp-content\/uploads\/2023\/10\/tour-managment-5-300x300.jpg 300w, https:\/\/weconnectcolombia.com\/wp-content\/uploads\/2023\/10\/tour-managment-5-150x150.jpg 150w, https:\/\/weconnectcolombia.com\/wp-content\/uploads\/2023\/10\/tour-managment-5.jpg 1080w\" sizes=\"(max-width: 1024px) 100vw, 1024px\" \/><\/a>\n\t\t\t<\/dt><\/dl><dl class='gallery-item'>\n\t\t\t<dt class='gallery-icon landscape'>\n\t\t\t\t<a data-elementor-open-lightbox=\"yes\" data-elementor-lightbox-slideshow=\"da8bfe3\" data-elementor-lightbox-title=\"tour managment\" data-e-action-hash=\"#elementor-action%3Aaction%3Dlightbox%26settings%3DeyJpZCI6OTQ2LCJ1cmwiOiJodHRwczpcL1wvd2Vjb25uZWN0Y29sb21iaWEuY29tXC93cC1jb250ZW50XC91cGxvYWRzXC8yMDIzXC8xMFwvdG91ci1tYW5hZ21lbnQtNi5qcGciLCJzbGlkZXNob3ciOiJkYThiZmUzIn0%3D\" href='https:\/\/weconnectcolombia.com\/wp-content\/uploads\/2023\/10\/tour-managment-6.jpg'><img loading=\"lazy\" decoding=\"async\" width=\"1024\" height=\"1024\" src=\"https:\/\/weconnectcolombia.com\/wp-content\/uploads\/2023\/10\/tour-managment-6-1024x1024.jpg\" class=\"attachment-large size-large\" alt=\"\" srcset=\"https:\/\/weconnectcolombia.com\/wp-content\/uploads\/2023\/10\/tour-managment-6-1024x1024.jpg 1024w, https:\/\/weconnectcolombia.com\/wp-content\/uploads\/2023\/10\/tour-managment-6-300x300.jpg 300w, https:\/\/weconnectcolombia.com\/wp-content\/uploads\/2023\/10\/tour-managment-6-150x150.jpg 150w, https:\/\/weconnectcolombia.com\/wp-content\/uploads\/2023\/10\/tour-managment-6.jpg 1080w\" sizes=\"(max-width: 1024px) 100vw, 1024px\" \/><\/a>\n\t\t\t<\/dt><\/dl><br style=\"clear: both\" \/>\n\t\t<\/div>\n\t\t<\/div>\n\t\t\t\t<\/div>\n\t\t\t\t<\/div>\n\t\t\t\t\t<\/div>\n\t\t\t\t<\/div>\n\t\t\t\t<\/div>\n\t\t","protected":false},"excerpt":{"rendered":"<p>Enfocarnos en presentaciones exitosas gracias a una adecuada negociaci\u00f3n, contrataci\u00f3n, administraci\u00f3n y log\u00edstica de los diferentes eventos; es nuestro objetivo en la prestaci\u00f3n de este servicio. Nos encargamos de coordinar el env\u00edo de manera segura y eficiente de un elaborado escenario y miles de piezas de mercanc\u00eda. Valoramos a los diferentes artistas y bandas, comprometi\u00e9ndonos <a href=\"https:\/\/weconnectcolombia.com\/index.php\/tour-managment\/\" class=\"more-link\">&#8230;<span class=\"screen-reader-text\">  Tour Managment<\/span><\/a><\/p>\n","protected":false},"author":1,"featured_media":0,"parent":0,"menu_order":0,"comment_status":"closed","ping_status":"closed","template":"elementor_header_footer","meta":{"_acf_changed":false,"footnotes":""},"class_list":["post-146","page","type-page","status-publish","hentry"],"acf":[],"_links":{"self":[{"href":"https:\/\/weconnectcolombia.com\/index.php\/wp-json\/wp\/v2\/pages\/146","targetHints":{"allow":["GET"]}}],"collection":[{"href":"https:\/\/weconnectcolombia.com\/index.php\/wp-json\/wp\/v2\/pages"}],"about":[{"href":"https:\/\/weconnectcolombia.com\/index.php\/wp-json\/wp\/v2\/types\/page"}],"author":[{"embeddable":true,"href":"https:\/\/weconnectcolombia.com\/index.php\/wp-json\/wp\/v2\/users\/1"}],"replies":[{"embeddable":true,"href":"https:\/\/weconnectcolombia.com\/index.php\/wp-json\/wp\/v2\/comments?post=146"}],"version-history":[{"count":37,"href":"https:\/\/weconnectcolombia.com\/index.php\/wp-json\/wp\/v2\/pages\/146\/revisions"}],"predecessor-version":[{"id":1294,"href":"https:\/\/weconnectcolombia.com\/index.php\/wp-json\/wp\/v2\/pages\/146\/revisions\/1294"}],"wp:attachment":[{"href":"https:\/\/weconnectcolombia.com\/index.php\/wp-json\/wp\/v2\/media?parent=146"}],"curies":[{"name":"wp","href":"https:\/\/api.w.org\/{rel}","templated":true}]}}